g/(-4)?
101
Let p(l) be the first derivative of -5*l**4/4 - l**3 - l**2 - 12*l - 237. List the prime factors of p(-6).
2, 3
Let g(x) be the second derivative of 9*x**5/5 - x**4/4 + 7*x**3/6 - 5*x**2 - 41*x. List the prime factors of g(2).
2, 5, 7
Let w = 17428 + -11639. List the prime factors of w.
7, 827
Let n(q) = 12*q - 29. Let s be n(9). Let d = s - -104. Let t = d - 48. What are the prime factors of t?
3, 5
Let j(x) = x + 20. Let b be j(-15). Suppose 0 = -b*q - 3*i + 151, 2*q + 9*i = 12*i + 52. List the prime factors of q.
29
Let z = -9937 + 15955. List the prime factors of z.
2, 3, 17, 59
Suppose 9*o + 3*g = 4*o - 1762, o = g - 354. Let a = o + 706. What are the prime factors of a?
353
Suppose -4943*u + 4936*u = -43561. List the prime factors of u.
7, 127
Suppose 4484 = 4*i + 3*v, -4*i + 2*v = -0*v - 4484. List the prime factors of i.
19, 59
Let p(w) = -2*w**3 - 19*w**2 - 10*w + 31. Let l be p(-7). Let k = -17 - l. List the prime factors of k.
127
Let s(b) be the third derivative of 13*b**4/24 - 53*b**3/2 + 3*b**2 - 5. What are the prime factors of s(31)?
2, 61
Suppose -5*t + 6 = 4*w + 28, -3*t - 26 = -4*w. Let y = 325 - t. What are the prime factors of y?
331
Let n = -101 + 88. Let l = n + 70. Suppose 0*h - l = -4*h + q, 3*h = 4*q + 33. List the prime factors of h.
3, 5
Let l(b) = 469*b**2 + 23*b + 31. What are the prime factors of l(-8)?
29863
Suppose -4*r - b + 54332 = 0, 26 = -4*b - 6. What are the prime factors of r?
5, 11, 13, 19
Let u(j) = -j**3 - 10*j**2 - 3*j - 24. Let h be u(-10). Suppose -3*n = -n - h. Suppose -n*b = 2*f - 53, -3*f + 115 = f + 3*b. What are the prime factors of f?
31
Let y(t) = t**2 + 2*t + 4. Let i be y(0). Suppose -199 = -l - i*v, 0 = -2*l - v + 473 - 47. What are the prime factors of l?
5, 43
Let z = -12 + 12. Suppose z = -33*k + 4*k + 15631. List the prime factors of k.
7, 11
Let f = -27985 + 66217. List the prime factors of f.
2, 3, 59
Suppose -4*b - 1522 = -6*b. Suppose 4*u - k + b = 0, -u - 2*k - 154 - 25 = 0. Let g = -103 - u. What are the prime factors of g?
2, 43
Let s = -184 + 232. List the prime factors of (2 - s/12) + (-1435)/(-1).
1433
Let b = 843 - 762. Suppose g = 2*p + 149, -79*g - 277 = -b*g - 3*p. What are the prime factors of g?
11, 13
Let a(n) = -n**3 + 15*n**2 + 20*n - 11. Let x be a(16). Suppose -x = 5*q + 47. What are the prime factors of (-4)/q + 312/15?
3, 7
Suppose 46*i = 32*i + 18704. What are the prime factors of i + (-20)/(-11) + (-6)/(-33)?
2, 3, 223
Suppose 4 = -2*b, 0 = -11*a + 12*a - 4*b - 11162. List the prime factors of a.
2, 3, 11, 13
Let q(a) = 27750*a**2 + 4*a + 1. What are the prime factors of q(-1)?
3, 3083
Suppose 571207 = 232*b - 3479049. What are the prime factors of b?
2, 7, 29, 43
Let d(p) = 235*p**3 + p. Let c be (-2)/(-9) + (-7)/(-9). Let m be d(c). Suppose 239 = 5*u - m. What are the prime factors of u?
5, 19
Suppose -5*i - 5 = 0, -5*b - 5*i - 425 = -8*b. Suppose 10*s = 10640 + b. What are the prime factors of s?
2, 7, 11
Suppose 5*f = 2*f + 2229. Let l = -224 + f. Suppose -4*u + l = 4*t + t, 3*u = -4*t + 388. What are the prime factors of u?
2, 17
Suppose 2*w = -b + 19108, -b + 19123 = 31*w - 26*w. List the prime factors of b.
2, 3, 1061
Let x(z) = -581*z**3 - z**2 + 54*z + 115. What are the prime factors of x(-2)?
4651
Let u(g) = g**2 + 6*g + 129. Let x be u(-18). Let r = 1303 - x. List the prime factors of r.
2, 479
Suppose -6*f + 0 = -78. Suppose 3*g - f = -2*d, -4*d + 16 = g - 5*g. Suppose 5*m = -5*t + 150, 3*m - g = 2. What are the prime factors of t?
29
Suppose 4*m - m = -6, 4*z - 4*m - 93832 = 0. List the prime factors of z.
2, 733
Let m = -16574 - -29258. What are the prime factors of m?
2, 3, 7, 151
Let g = 862 + -601. Let k(u) = u**2 + 35*u - 211. Let p be k(-42). Suppose -3*h = -3*d - g, h + 4*d - d - p = 0. What are the prime factors of h?
2, 43
Suppose -3*y = -2*t + 3*t + 26, 0 = -2*t - 2*y - 56. Let v = 159 + t. List the prime factors of v.
2, 5, 13
Suppose -5*s - 5*r + 1455 = 0, -s + 3*r - 291 = -2*s. Suppose 3*q - 153 = s. Suppose -4*n - q = -472. What are the prime factors of n?
3
Let p be 840/270 - (-2)/(-18). Suppose 0 = -5*t + 5*n - n - 4002, 0 = -5*t - 3*n - 3981. List the prime factors of t/(-63) - (-1)/p.
13
Let d(l) = 2*l**2 + 5*l + 2. Let n be d(-3). Suppose a - 588 = -n*a. Let u = a - 22. What are the prime factors of u?
2, 19
Let t = 251 + -321. Let j = 209 + t. What are the prime factors of j?
139
List the prime factors of 27/(-2)*83016/(-54) - (-76)/(-19).
2, 5, 83
Suppose -z + 35 = -5*s - 11499, 4*z = s + 46231. List the prime factors of z.
3, 3853
Suppose 8302 = -4*u + 8326. Let t be (-5)/(2 + 870/(-434)). Suppose -t = -13*a + u*a. What are the prime factors of a?
5, 31
Suppose -116072 = -7*j - 488. Suppose 0 = 30*w - j - 1818. What are the prime factors of w?
13, 47
Suppose -30*c + 31*c - 6012 = 0. Suppose 8*n + c = 26*n. What are the prime factors of n?
2, 167
List the prime factors of 48/(-5)*310890/(-387).
2, 241
Let c(n) = n**2 + 11*n + 40. Let p be c(-8). Suppose 12*a + 1260 = p*a. What are the prime factors of a?
3, 5, 7
Suppose 3509*b - 674350 = 3488*b - 262204. List the prime factors of b.
2, 3, 3271
Let z(w) = 6*w**2 + 4*w - 1. Let c be z(-2). Let o(q) = -2*q + 4*q + 4*q - 2*q + 7. What are the prime factors of o(c)?
67
Let t(f) = -7*f - 20. Let x = 22 - 24. Let m = -12 - x. What are the prime factors of t(m)?
2, 5
Suppose -110*q - 119424 = -5*x - 114*q, 23874 = x - q. What are the prime factors of x?
2, 3, 5, 199
Let p(q) be the second derivative of -q**3/6 - q**2/2 - 5*q. Let a(z) = 2*z - 29. Let s(w) = -a(w) - 3*p(w). What are the prime factors of s(0)?
2
Let v = -21595 - -34223. List the prime factors of v.
2, 7, 11, 41
Let h(x) = -5*x**3 + 85*x**2 - x + 15. Let s be h(17). List the prime factors of (46/115)/(s/(-1810)).
2, 181
Let s = 273 - -28. Let n = s - 248. What are the prime factors of n?
53
Let w be (-96)/(-7) + (-6)/(-147)*7. Let g be 21/w*32/6. Suppose -g*y + 310 = -530. List the prime factors of y.
3, 5, 7
Let s(f) = -f**3 - 2*f + 4. Let b be s(0). Let l be (-14 - b)/((-2)/4*2). List the prime factors of (-3)/(-2)*(4 - (-1320)/l).
2, 29
Let n = 869 - -566. Let a = -1017 + n. List the prime factors of a.
2, 11, 19
Let b(t) = -4*t - 17. Let o(n) = -6 - 12 + 11 + 4*n. Let g be o(0). What are the prime factors of b(g)?
11
Suppose -2*s - q + 501 = 4*q, s - 246 = -q. Suppose 5*o + 102 + s = 0. Let a = 108 + o. What are the prime factors of a?
3, 13
Let z = 642 + 342. What are the prime factors of z?
2, 3, 41
Suppose l - 5111 = 4*g - 0*g, 4*g - 2*l = -5114. Let y = -16 - g. List the prime factors of y.
13, 97
Suppose -30*a - 27*a = -54*a. Suppose a = 10*t - 1464 - 1096. List the prime factors of t.
2
Let b(c) = -98*c + 76. Let t be b(-6). Let l = 1070 - t. List the prime factors of l.
2, 7, 29
Let i be (-17)/(-102) + (-89)/(-6). Suppose i*t + 148 = 2593. What are the prime factors of t?
163
What are the prime factors of (1854/(-15))/(7/(-2)*(-276)/(-16100))?
2, 5, 103
Let n(c) = c + 18. Let g be n(-15). Let v be 25/(-10)*((-36)/10)/g. List the prime factors of v + -2*(5 - 88).
13
Let d be (12/(-8))/((-2)/4). Let z be (-1190)/(-6) + d/(-9)*-2. Let i = -84 + z. What are the prime factors of i?
5, 23
Let m = 41934 - 12517. List the prime factors of m.
23, 1279
Suppose 15*c - 91 + 16 = 0. Suppose -2*u = -c*m + 1409, 6*m - m = 3*u + 1411. List the prime factors of m.
281
Let z = -3911 - -14049. What are the prime factors of z?
2, 37, 137
Suppose 5 = 5*x + 4*l - 4, -4*l - 1 = 3*x. Suppose -3*c + 3 = 0, 4*n = -x*c + 10 + 15. Suppose n*r - 446 = 114. List the prime factors of r.
2, 7
Let i be 2 - (-2 - (-8)/4). Suppose h - 2*h + i = 0. Suppose -h*x + 4*j = -4*x + 306, -x = 3*j - 158. List the prime factors of x.
11, 13
Let i = -5884 + 14606. List the prime factors of i.
2, 7, 89
Suppose 123*l - 170*l = -141. Suppose -h + 3*h = 6. Suppose 218 = 5*s + h*a, -175 = s - 5*s - l*a. What are the prime factors of s?
43
Suppose 36*s - 116920 = 285646 + 403870. What are the prime factors of s?
3, 19, 131
Suppose 3*m + 105 = 3*q - 2*q, 2*q = -5*m + 265. Suppose -3*d + q = -d + 3*l, 0 = -3*l. List the prime factors of d/18*222/4.
5, 37
Let f be 2*6/(-8)*-2. List the prime factors of 414 + f + (-6)/3.
5, 83
Let u(y) = 261*y + 23